{"id":308,"date":"2024-09-08T21:08:26","date_gmt":"2024-09-08T19:08:26","guid":{"rendered":"http:\/\/www2.fhbaits.com\/?page_id=308"},"modified":"2025-04-04T17:42:12","modified_gmt":"2025-04-04T15:42:12","slug":"fabrication","status":"publish","type":"page","link":"https:\/\/www.fhbaits.fr\/index.php\/fabrication\/","title":{"rendered":"Fabrication"},"content":{"rendered":"\t\t<div data-elementor-type=\"wp-page\" data-elementor-id=\"308\" class=\"elementor elementor-308\">\n\t\t\t\t<div class=\"elementor-element elementor-element-21ef322 e-flex e-con-boxed e-con e-parent\" data-id=\"21ef322\" data-element_type=\"container\" data-e-type=\"container\">\n\t\t\t\t\t<div class=\"e-con-inner\">\n\t\t\t\t\t<\/div>\n\t\t\t\t<\/div>\n\t\t<div class=\"elementor-element elementor-element-4227ab6 e-flex e-con-boxed e-con e-parent\" data-id=\"4227ab6\" data-element_type=\"container\" data-e-type=\"container\">\n\t\t\t\t\t<div class=\"e-con-inner\">\n\t\t\t\t<div class=\"elementor-element elementor-element-c6bb83b elementor-widget elementor-widget-text-editor\" data-id=\"c6bb83b\" data-element_type=\"widget\" data-e-type=\"widget\" data-widget_type=\"text-editor.default\">\n\t\t\t\t<div class=\"elementor-widget-container\">\n\t\t\t\t\t\t\t\t\t<h4><em><strong>FH Mix<\/strong><\/em><\/h4><p>Un mix de base \u00e9conomique pour les gros rouleurs. Vous pouvez l&rsquo;utiliser tel quel avec juste du sweetner et un ar\u00f4me.<br \/>C&rsquo;est un mix que vous pouvez modifier pour l&rsquo;adapter \u00e0 votre propre p\u00eache (bird-food, farine carn\u00e9e, etc&#8230;).<br \/>Il se roule \u00e0 merveille, id\u00e9al pour les gros amor\u00e7ages.<\/p><h4><em><strong>FH Fish<\/strong><\/em><\/h4><p>Un mix qui contient 30% de farine de poisson (saumon et farine de pellets). Ce fish-meal se roule \u00e0 merveille, vous pouvez le personnaliser avec de l&rsquo;huile de poisson ou avec un ar\u00f4me pour vous d\u00e9marquer des autres p\u00eacheurs. Avec un peu de sel, c&rsquo;est un mix redoutable en ALT.<\/p><h4><strong><em>FH Nuts<\/em><\/strong><\/h4><p>Un mix tr\u00e8s sucr\u00e9 avec \u00e9normement de go\u00fbt (farine de tigers, farine de cacahu\u00e8te). Ce nuts se marie tr\u00e8s bien avec tous nos ar\u00f4mes cr\u00e9meux. Gr\u00e2ce aux huiles que contient ce mix, il se diffuse sur toutes les couches d&rsquo;eau. Marche tr\u00e8s fort sur des amor\u00e7ages prolong\u00e9s.<\/p><h4><strong><em>FH Diable Fish<\/em><\/strong><\/h4><p style=\"text-align: left;\">Un fish-meal tr\u00e8s haut gamme, ce mix contient 44% de farines de poissons m\u00e9lang\u00e9es\u00a0(farine de hareng, farine de poulet, farine de krill, farine de calamar, farine\u00a0d&rsquo;anchois, farine d&rsquo;alibut, 10% robin red).<\/p><p style=\"text-align: left;\">De part sa composition, c&rsquo;est un mix qui marche tr\u00e8s bien en p\u00eache rapide aussi bien en rivi\u00e8re qu&rsquo;en plan d&rsquo;eau, vous l&rsquo;aurez compris c&rsquo;est un must\u00a0\u00e0 un prix d\u00e9fiant toute concurrence.<\/p><h4 style=\"text-align: left;\"><strong><em>FH Belzebuth<\/em><\/strong><\/h4><p>Un mix carn\u00e9 qui contient 30% de farines de poissons (anchois \/ sardine \/ crevette) avec une note d&rsquo;ail en poudre.<\/p><p>Ce mix se marie tr\u00e9s bien avec notre monster crabe, c&rsquo;est un mix qui marche bien en rivi\u00e8re pour les gros amor\u00e7ages.<\/p><h4 style=\"text-align: left;\"><strong><em>FH Robin Spice<\/em><\/strong><\/h4><p>Un mix carn\u00e9 \u00e9pic\u00e9 (robin red , praprika, poivre, ail, piment, anchois, hareng). Ce mix est vraiment tr\u00e9s puissant, en p\u00eache rapide comme en amor\u00e7age prolong\u00e9, c&rsquo;est un mix passe partout en toutes saisons.<\/p><h4><em><strong>FH Halibut<\/strong><\/em><\/h4><p>Un mix qui contient 30% de farine de poisson (saumon et farine de pellets). Ce fish-meal se roule \u00e0 merveille, vous pouvez le personnaliser avec de l&rsquo;huile de poisson ou avec un ar\u00f4me pour vous d\u00e9marquer des autres p\u00eacheurs. Avec un peu de sel, c&rsquo;est un mix redoutable en ALT.<\/p>\t\t\t\t\t\t\t\t<\/div>\n\t\t\t\t<\/div>\n\t\t\t\t<div class=\"elementor-element elementor-element-fcd8ff0 elementor-widget elementor-widget-text-editor\" data-id=\"fcd8ff0\" data-element_type=\"widget\" data-e-type=\"widget\" data-widget_type=\"text-editor.default\">\n\t\t\t\t<div class=\"elementor-widget-container\">\n\t\t\t\t\t\t\t\t\t<p>Tags: \u00a0\u00a0Appats Carpe \u00a0 Mix<\/p>\t\t\t\t\t\t\t\t<\/div>\n\t\t\t\t<\/div>\n\t\t\t\t\t<\/div>\n\t\t\t\t<\/div>\n\t\t<div class=\"elementor-element elementor-element-e466464 e-flex e-con-boxed e-con e-parent\" data-id=\"e466464\" data-element_type=\"container\" data-e-type=\"container\">\n\t\t\t\t\t<div class=\"e-con-inner\">\n\t\t\t\t<div class=\"elementor-element elementor-element-1bfbf1e elementor-widget elementor-widget-text-editor\" data-id=\"1bfbf1e\" data-element_type=\"widget\" data-e-type=\"widget\" data-widget_type=\"text-editor.default\">\n\t\t\t\t<div class=\"elementor-widget-container\">\n\t\t\t\t\t\t\t\t\t<h4 style=\"text-align: center;\">TARIFS<\/h4><p>\n<table id=\"tablepress-2\" class=\"tablepress tablepress-id-2\">\n<thead>\n<tr class=\"row-1\">\n\t<th class=\"column-1\">Produits\/Quantit\u00e9<\/th><th class=\"column-2\">2.5kg<\/th><th class=\"column-3\">5kg<\/th><th class=\"column-4\">10kg<\/th><th class=\"column-5\">25kg<\/th><th class=\"column-6\">50kg<\/th>\n<\/tr>\n<\/thead>\n<tbody class=\"row-striping row-hover\">\n<tr class=\"row-2\">\n\t<td class=\"column-1\">FH Mix<\/td><td class=\"column-2\">8.50\u20ac<\/td><td class=\"column-3\">16\u20ac<\/td><td class=\"column-4\">30.50\u20ac<\/td><td class=\"column-5\">69\u20ac<\/td><td class=\"column-6\">2.60\u20ac \/ kg<\/td>\n<\/tr>\n<tr class=\"row-3\">\n\t<td class=\"column-1\">FH Diable Fish<\/td><td class=\"column-2\">14.20\u20ac<\/td><td class=\"column-3\">27.50\u20ac<\/td><td class=\"column-4\">52.50\u20ac<\/td><td class=\"column-5\">121.00\u20ac<\/td><td class=\"column-6\">4.45\u20ac \/ kg<\/td>\n<\/tr>\n<tr class=\"row-4\">\n\t<td class=\"column-1\">FH Robin Spice<\/td><td class=\"column-2\">13.20\u20ac<\/td><td class=\"column-3\">25.50\u20ac<\/td><td class=\"column-4\">47.50\u20ac<\/td><td class=\"column-5\">106.50\u20ac<\/td><td class=\"column-6\">4.10\u20ac \/ kg<\/td>\n<\/tr>\n<tr class=\"row-5\">\n\t<td class=\"column-1\">FH Nuts<\/td><td class=\"column-2\">10.30\u20ac<\/td><td class=\"column-3\">19.50\u20ac<\/td><td class=\"column-4\">38\u20ac<\/td><td class=\"column-5\">85.60\u20ac<\/td><td class=\"column-6\">3.20\u20ac \/ kg<\/td>\n<\/tr>\n<tr class=\"row-6\">\n\t<td class=\"column-1\">FH Belzebuth<\/td><td class=\"column-2\">10.30\u20ac<\/td><td class=\"column-3\">19.50\u20ac<\/td><td class=\"column-4\">38\u20ac<\/td><td class=\"column-5\">85.60\u20ac<\/td><td class=\"column-6\">3.20\u20ac \/ kg<\/td>\n<\/tr>\n<tr class=\"row-7\">\n\t<td class=\"column-1\">FH Halibut<\/td><td class=\"column-2\">10.30\u20ac<\/td><td class=\"column-3\">19.50\u20ac<\/td><td class=\"column-4\">38\u20ac<\/td><td class=\"column-5\">85.60\u20ac<\/td><td class=\"column-6\">3.20\u20ac \/ kg<\/td>\n<\/tr>\n<tr class=\"row-8\">\n\t<td class=\"column-1\">FH Fish<\/td><td class=\"column-2\">9.30\u20ac<\/td><td class=\"column-3\">17.50\u20ac<\/td><td class=\"column-4\">34\u20ac<\/td><td class=\"column-5\">76.50\u20ac<\/td><td class=\"column-6\">2.90\u20ac \/ kg<\/td>\n<\/tr>\n<\/tbody>\n<\/table>\n<!-- #tablepress-2 from cache --><\/p>\t\t\t\t\t\t\t\t<\/div>\n\t\t\t\t<\/div>\n\t\t\t\t\t<\/div>\n\t\t\t\t<\/div>\n\t\t\t\t<\/div>\n\t\t","protected":false},"excerpt":{"rendered":"<p>FH Mix Un mix de base \u00e9conomique pour les gros rouleurs. Vous pouvez l&rsquo;utiliser tel quel avec juste du sweetner et un ar\u00f4me.C&rsquo;est un mix &hellip;<\/p>\n","protected":false},"author":1,"featured_media":0,"parent":0,"menu_order":0,"comment_status":"closed","ping_status":"closed","template":"","meta":{"footnotes":""},"class_list":["post-308","page","type-page","status-publish","hentry"],"yoast_head":"<!-- This site is optimized with the Yoast SEO plugin v27.3 - https:\/\/yoast.com\/product\/yoast-seo-wordpress\/ -->\n<title>Fabrication - FH Baits<\/title>\n<meta name=\"robots\" content=\"index, follow, max-snippet:-1, max-image-preview:large, max-video-preview:-1\" \/>\n<link rel=\"canonical\" href=\"https:\/\/www.fhbaits.fr\/index.php\/fabrication\/\" \/>\n<meta property=\"og:locale\" content=\"fr_FR\" \/>\n<meta property=\"og:type\" content=\"article\" \/>\n<meta property=\"og:title\" content=\"Fabrication - FH Baits\" \/>\n<meta property=\"og:description\" content=\"FH Mix Un mix de base \u00e9conomique pour les gros rouleurs. Vous pouvez l&rsquo;utiliser tel quel avec juste du sweetner et un ar\u00f4me.C&rsquo;est un mix &hellip;\" \/>\n<meta property=\"og:url\" content=\"https:\/\/www.fhbaits.fr\/index.php\/fabrication\/\" \/>\n<meta property=\"og:site_name\" content=\"FH Baits\" \/>\n<meta property=\"article:publisher\" content=\"https:\/\/www.facebook.com\/p\/Fhbaits-100069343946951\/?locale=fr_FR\" \/>\n<meta property=\"article:modified_time\" content=\"2025-04-04T15:42:12+00:00\" \/>\n<meta name=\"twitter:card\" content=\"summary_large_image\" \/>\n<meta name=\"twitter:label1\" content=\"Dur\u00e9e de lecture estim\u00e9e\" \/>\n\t<meta name=\"twitter:data1\" content=\"2 minutes\" \/>\n<script type=\"application\/ld+json\" class=\"yoast-schema-graph\">{\"@context\":\"https:\\\/\\\/schema.org\",\"@graph\":[{\"@type\":\"WebPage\",\"@id\":\"https:\\\/\\\/www.fhbaits.fr\\\/index.php\\\/fabrication\\\/\",\"url\":\"https:\\\/\\\/www.fhbaits.fr\\\/index.php\\\/fabrication\\\/\",\"name\":\"Fabrication - FH Baits\",\"isPartOf\":{\"@id\":\"https:\\\/\\\/www.fhbaits.fr\\\/#website\"},\"datePublished\":\"2024-09-08T19:08:26+00:00\",\"dateModified\":\"2025-04-04T15:42:12+00:00\",\"breadcrumb\":{\"@id\":\"https:\\\/\\\/www.fhbaits.fr\\\/index.php\\\/fabrication\\\/#breadcrumb\"},\"inLanguage\":\"fr-FR\",\"potentialAction\":[{\"@type\":\"ReadAction\",\"target\":[\"https:\\\/\\\/www.fhbaits.fr\\\/index.php\\\/fabrication\\\/\"]}]},{\"@type\":\"BreadcrumbList\",\"@id\":\"https:\\\/\\\/www.fhbaits.fr\\\/index.php\\\/fabrication\\\/#breadcrumb\",\"itemListElement\":[{\"@type\":\"ListItem\",\"position\":1,\"name\":\"Accueil\",\"item\":\"https:\\\/\\\/www.fhbaits.fr\\\/\"},{\"@type\":\"ListItem\",\"position\":2,\"name\":\"Fabrication\"}]},{\"@type\":\"WebSite\",\"@id\":\"https:\\\/\\\/www.fhbaits.fr\\\/#website\",\"url\":\"https:\\\/\\\/www.fhbaits.fr\\\/\",\"name\":\"FH Baits\",\"description\":\"Ventes de bouillettes fra\u00eeches par correspondance\",\"publisher\":{\"@id\":\"https:\\\/\\\/www.fhbaits.fr\\\/#organization\"},\"potentialAction\":[{\"@type\":\"SearchAction\",\"target\":{\"@type\":\"EntryPoint\",\"urlTemplate\":\"https:\\\/\\\/www.fhbaits.fr\\\/?s={search_term_string}\"},\"query-input\":{\"@type\":\"PropertyValueSpecification\",\"valueRequired\":true,\"valueName\":\"search_term_string\"}}],\"inLanguage\":\"fr-FR\"},{\"@type\":\"Organization\",\"@id\":\"https:\\\/\\\/www.fhbaits.fr\\\/#organization\",\"name\":\"FH Baits\",\"url\":\"https:\\\/\\\/www.fhbaits.fr\\\/\",\"logo\":{\"@type\":\"ImageObject\",\"inLanguage\":\"fr-FR\",\"@id\":\"https:\\\/\\\/www.fhbaits.fr\\\/#\\\/schema\\\/logo\\\/image\\\/\",\"url\":\"https:\\\/\\\/www.fhbaits.fr\\\/wp-content\\\/uploads\\\/2024\\\/09\\\/cropped-FHBaits.png\",\"contentUrl\":\"https:\\\/\\\/www.fhbaits.fr\\\/wp-content\\\/uploads\\\/2024\\\/09\\\/cropped-FHBaits.png\",\"width\":90,\"height\":90,\"caption\":\"FH Baits\"},\"image\":{\"@id\":\"https:\\\/\\\/www.fhbaits.fr\\\/#\\\/schema\\\/logo\\\/image\\\/\"},\"sameAs\":[\"https:\\\/\\\/www.facebook.com\\\/p\\\/Fhbaits-100069343946951\\\/?locale=fr_FR\"]}]}<\/script>\n<!-- \/ Yoast SEO plugin. -->","yoast_head_json":{"title":"Fabrication - FH Baits","robots":{"index":"index","follow":"follow","max-snippet":"max-snippet:-1","max-image-preview":"max-image-preview:large","max-video-preview":"max-video-preview:-1"},"canonical":"https:\/\/www.fhbaits.fr\/index.php\/fabrication\/","og_locale":"fr_FR","og_type":"article","og_title":"Fabrication - FH Baits","og_description":"FH Mix Un mix de base \u00e9conomique pour les gros rouleurs. Vous pouvez l&rsquo;utiliser tel quel avec juste du sweetner et un ar\u00f4me.C&rsquo;est un mix &hellip;","og_url":"https:\/\/www.fhbaits.fr\/index.php\/fabrication\/","og_site_name":"FH Baits","article_publisher":"https:\/\/www.facebook.com\/p\/Fhbaits-100069343946951\/?locale=fr_FR","article_modified_time":"2025-04-04T15:42:12+00:00","twitter_card":"summary_large_image","twitter_misc":{"Dur\u00e9e de lecture estim\u00e9e":"2 minutes"},"schema":{"@context":"https:\/\/schema.org","@graph":[{"@type":"WebPage","@id":"https:\/\/www.fhbaits.fr\/index.php\/fabrication\/","url":"https:\/\/www.fhbaits.fr\/index.php\/fabrication\/","name":"Fabrication - FH Baits","isPartOf":{"@id":"https:\/\/www.fhbaits.fr\/#website"},"datePublished":"2024-09-08T19:08:26+00:00","dateModified":"2025-04-04T15:42:12+00:00","breadcrumb":{"@id":"https:\/\/www.fhbaits.fr\/index.php\/fabrication\/#breadcrumb"},"inLanguage":"fr-FR","potentialAction":[{"@type":"ReadAction","target":["https:\/\/www.fhbaits.fr\/index.php\/fabrication\/"]}]},{"@type":"BreadcrumbList","@id":"https:\/\/www.fhbaits.fr\/index.php\/fabrication\/#breadcrumb","itemListElement":[{"@type":"ListItem","position":1,"name":"Accueil","item":"https:\/\/www.fhbaits.fr\/"},{"@type":"ListItem","position":2,"name":"Fabrication"}]},{"@type":"WebSite","@id":"https:\/\/www.fhbaits.fr\/#website","url":"https:\/\/www.fhbaits.fr\/","name":"FH Baits","description":"Ventes de bouillettes fra\u00eeches par correspondance","publisher":{"@id":"https:\/\/www.fhbaits.fr\/#organization"},"potentialAction":[{"@type":"SearchAction","target":{"@type":"EntryPoint","urlTemplate":"https:\/\/www.fhbaits.fr\/?s={search_term_string}"},"query-input":{"@type":"PropertyValueSpecification","valueRequired":true,"valueName":"search_term_string"}}],"inLanguage":"fr-FR"},{"@type":"Organization","@id":"https:\/\/www.fhbaits.fr\/#organization","name":"FH Baits","url":"https:\/\/www.fhbaits.fr\/","logo":{"@type":"ImageObject","inLanguage":"fr-FR","@id":"https:\/\/www.fhbaits.fr\/#\/schema\/logo\/image\/","url":"https:\/\/www.fhbaits.fr\/wp-content\/uploads\/2024\/09\/cropped-FHBaits.png","contentUrl":"https:\/\/www.fhbaits.fr\/wp-content\/uploads\/2024\/09\/cropped-FHBaits.png","width":90,"height":90,"caption":"FH Baits"},"image":{"@id":"https:\/\/www.fhbaits.fr\/#\/schema\/logo\/image\/"},"sameAs":["https:\/\/www.facebook.com\/p\/Fhbaits-100069343946951\/?locale=fr_FR"]}]}},"_links":{"self":[{"href":"https:\/\/www.fhbaits.fr\/index.php\/wp-json\/wp\/v2\/pages\/308","targetHints":{"allow":["GET"]}}],"collection":[{"href":"https:\/\/www.fhbaits.fr\/index.php\/wp-json\/wp\/v2\/pages"}],"about":[{"href":"https:\/\/www.fhbaits.fr\/index.php\/wp-json\/wp\/v2\/types\/page"}],"author":[{"embeddable":true,"href":"https:\/\/www.fhbaits.fr\/index.php\/wp-json\/wp\/v2\/users\/1"}],"replies":[{"embeddable":true,"href":"https:\/\/www.fhbaits.fr\/index.php\/wp-json\/wp\/v2\/comments?post=308"}],"version-history":[{"count":10,"href":"https:\/\/www.fhbaits.fr\/index.php\/wp-json\/wp\/v2\/pages\/308\/revisions"}],"predecessor-version":[{"id":1024,"href":"https:\/\/www.fhbaits.fr\/index.php\/wp-json\/wp\/v2\/pages\/308\/revisions\/1024"}],"wp:attachment":[{"href":"https:\/\/www.fhbaits.fr\/index.php\/wp-json\/wp\/v2\/media?parent=308"}],"curies":[{"name":"wp","href":"https:\/\/api.w.org\/{rel}","templated":true}]}}