{"id":33,"date":"2024-09-04T22:07:04","date_gmt":"2024-09-04T20:07:04","guid":{"rendered":"http:\/\/www2.fhbaits.com\/?page_id=33"},"modified":"2024-09-09T00:55:46","modified_gmt":"2024-09-08T22:55:46","slug":"team","status":"publish","type":"page","link":"http:\/\/www.fhbaits.fr\/index.php\/team\/","title":{"rendered":"Team"},"content":{"rendered":"\t\t<div data-elementor-type=\"wp-page\" data-elementor-id=\"33\" class=\"elementor elementor-33\">\n\t\t\t\t<div class=\"elementor-element elementor-element-04e7a21 e-grid e-con-boxed e-con e-parent\" data-id=\"04e7a21\" data-element_type=\"container\" data-e-type=\"container\">\n\t\t\t\t\t<div class=\"e-con-inner\">\n\t\t\t\t<div class=\"elementor-element elementor-element-a65ac88 elementor-widget elementor-widget-image\" data-id=\"a65ac88\" data-element_type=\"widget\" data-e-type=\"widget\" data-widget_type=\"image.default\">\n\t\t\t\t<div class=\"elementor-widget-container\">\n\t\t\t\t\t\t\t\t\t\t\t\t\t\t\t<img fetchpriority=\"high\" decoding=\"async\" width=\"444\" height=\"333\" src=\"https:\/\/www.fhbaits.fr\/wp-content\/uploads\/2024\/09\/1-1.jpg\" class=\"attachment-large size-large wp-image-542\" alt=\"\" srcset=\"https:\/\/www.fhbaits.fr\/wp-content\/uploads\/2024\/09\/1-1.jpg 444w, https:\/\/www.fhbaits.fr\/wp-content\/uploads\/2024\/09\/1-1-300x225.jpg 300w, https:\/\/www.fhbaits.fr\/wp-content\/uploads\/2024\/09\/1-1-280x210.jpg 280w\" sizes=\"(max-width: 444px) 100vw, 444px\" \/>\t\t\t\t\t\t\t\t\t\t\t\t\t\t\t<\/div>\n\t\t\t\t<\/div>\n\t\t\t\t<div class=\"elementor-element elementor-element-d3d953b elementor-widget elementor-widget-text-editor\" data-id=\"d3d953b\" data-element_type=\"widget\" data-e-type=\"widget\" data-widget_type=\"text-editor.default\">\n\t\t\t\t<div class=\"elementor-widget-container\">\n\t\t\t\t\t\t\t\t\t<p>Pr\u00e9nom, Nom : Franck Martel<\/p>\n<p>Localisation : Mayenne<\/p>\n<p>P\u00eaches : Rivi\u00e8res, Fleuves, Lacs, Silure, Carnassiers<\/p>\t\t\t\t\t\t\t\t<\/div>\n\t\t\t\t<\/div>\n\t\t\t\t<div class=\"elementor-element elementor-element-1d64d60 elementor-widget elementor-widget-text-editor\" data-id=\"1d64d60\" data-element_type=\"widget\" data-e-type=\"widget\" data-widget_type=\"text-editor.default\">\n\t\t\t\t<div class=\"elementor-widget-container\">\n\t\t\t\t\t\t\t\t\t<p>Pr\u00e9nom, Nom : Maxime martel<\/p>\n<p><!-- \/wp:paragraph --><!-- wp:paragraph --><\/p>\n<p>Localisation : Mayenne<\/p>\n<p><!-- \/wp:paragraph --><!-- wp:paragraph --><\/p>\n<p>P\u00eaches : Rivi\u00e8res, Fleuves, Lacs, Silure, Carnassiers<\/p>\t\t\t\t\t\t\t\t<\/div>\n\t\t\t\t<\/div>\n\t\t\t\t<div class=\"elementor-element elementor-element-b947094 elementor-widget elementor-widget-image\" data-id=\"b947094\" data-element_type=\"widget\" data-e-type=\"widget\" data-widget_type=\"image.default\">\n\t\t\t\t<div class=\"elementor-widget-container\">\n\t\t\t\t\t\t\t\t\t\t\t\t\t\t\t<img decoding=\"async\" width=\"444\" height=\"333\" src=\"https:\/\/www.fhbaits.fr\/wp-content\/uploads\/2024\/09\/2-1.jpg\" class=\"attachment-large size-large wp-image-543\" alt=\"\" srcset=\"https:\/\/www.fhbaits.fr\/wp-content\/uploads\/2024\/09\/2-1.jpg 444w, https:\/\/www.fhbaits.fr\/wp-content\/uploads\/2024\/09\/2-1-300x225.jpg 300w, https:\/\/www.fhbaits.fr\/wp-content\/uploads\/2024\/09\/2-1-280x210.jpg 280w\" sizes=\"(max-width: 444px) 100vw, 444px\" \/>\t\t\t\t\t\t\t\t\t\t\t\t\t\t\t<\/div>\n\t\t\t\t<\/div>\n\t\t\t\t<div class=\"elementor-element elementor-element-de5225f elementor-widget elementor-widget-image\" data-id=\"de5225f\" data-element_type=\"widget\" data-e-type=\"widget\" data-widget_type=\"image.default\">\n\t\t\t\t<div class=\"elementor-widget-container\">\n\t\t\t\t\t\t\t\t\t\t\t\t\t\t\t<img decoding=\"async\" width=\"444\" height=\"333\" src=\"https:\/\/www.fhbaits.fr\/wp-content\/uploads\/2024\/09\/3-1.jpg\" class=\"attachment-large size-large wp-image-544\" alt=\"\" srcset=\"https:\/\/www.fhbaits.fr\/wp-content\/uploads\/2024\/09\/3-1.jpg 444w, https:\/\/www.fhbaits.fr\/wp-content\/uploads\/2024\/09\/3-1-300x225.jpg 300w, https:\/\/www.fhbaits.fr\/wp-content\/uploads\/2024\/09\/3-1-280x210.jpg 280w\" sizes=\"(max-width: 444px) 100vw, 444px\" \/>\t\t\t\t\t\t\t\t\t\t\t\t\t\t\t<\/div>\n\t\t\t\t<\/div>\n\t\t\t\t<div class=\"elementor-element elementor-element-1993368 elementor-widget elementor-widget-text-editor\" data-id=\"1993368\" data-element_type=\"widget\" data-e-type=\"widget\" data-widget_type=\"text-editor.default\">\n\t\t\t\t<div class=\"elementor-widget-container\">\n\t\t\t\t\t\t\t\t\t<p>Pr\u00e9nom, Nom : Christian Stenegry\u00a0<\/p>\n<p>Localisation : Sarthe<\/p>\n<p>P\u00eaches : Rivi\u00e8res, Fleuves, Lacs, Silure,carnasier<\/p>\t\t\t\t\t\t\t\t<\/div>\n\t\t\t\t<\/div>\n\t\t\t\t<div class=\"elementor-element elementor-element-e52aa2b elementor-widget elementor-widget-text-editor\" data-id=\"e52aa2b\" data-element_type=\"widget\" data-e-type=\"widget\" data-widget_type=\"text-editor.default\">\n\t\t\t\t<div class=\"elementor-widget-container\">\n\t\t\t\t\t\t\t\t\t<p>Pr\u00e9nom, Nom : Samir\u00a0<\/p>\n<p>Localisation : Sa\u00f4ne et Loire<\/p>\n<p>P\u00eaches : Rivi\u00e8res, Fleuves, Lacs, Silure, Carnasier<\/p>\n<p>.<\/p>\t\t\t\t\t\t\t\t<\/div>\n\t\t\t\t<\/div>\n\t\t\t\t<div class=\"elementor-element elementor-element-a0a7e41 elementor-widget elementor-widget-image\" data-id=\"a0a7e41\" data-element_type=\"widget\" data-e-type=\"widget\" data-widget_type=\"image.default\">\n\t\t\t\t<div class=\"elementor-widget-container\">\n\t\t\t\t\t\t\t\t\t\t\t\t\t\t\t<img loading=\"lazy\" decoding=\"async\" width=\"444\" height=\"333\" src=\"https:\/\/www.fhbaits.fr\/wp-content\/uploads\/2024\/09\/13-1.jpg\" class=\"attachment-large size-large wp-image-554\" alt=\"\" srcset=\"https:\/\/www.fhbaits.fr\/wp-content\/uploads\/2024\/09\/13-1.jpg 444w, https:\/\/www.fhbaits.fr\/wp-content\/uploads\/2024\/09\/13-1-300x225.jpg 300w, https:\/\/www.fhbaits.fr\/wp-content\/uploads\/2024\/09\/13-1-280x210.jpg 280w\" sizes=\"(max-width: 444px) 100vw, 444px\" \/>\t\t\t\t\t\t\t\t\t\t\t\t\t\t\t<\/div>\n\t\t\t\t<\/div>\n\t\t\t\t<div class=\"elementor-element elementor-element-a4f0b7f elementor-widget elementor-widget-image\" data-id=\"a4f0b7f\" data-element_type=\"widget\" data-e-type=\"widget\" data-widget_type=\"image.default\">\n\t\t\t\t<div class=\"elementor-widget-container\">\n\t\t\t\t\t\t\t\t\t\t\t\t\t\t\t<img loading=\"lazy\" decoding=\"async\" width=\"444\" height=\"333\" src=\"https:\/\/www.fhbaits.fr\/wp-content\/uploads\/2024\/09\/5-1.jpg\" class=\"attachment-large size-large wp-image-546\" alt=\"\" srcset=\"https:\/\/www.fhbaits.fr\/wp-content\/uploads\/2024\/09\/5-1.jpg 444w, https:\/\/www.fhbaits.fr\/wp-content\/uploads\/2024\/09\/5-1-300x225.jpg 300w, https:\/\/www.fhbaits.fr\/wp-content\/uploads\/2024\/09\/5-1-280x210.jpg 280w\" sizes=\"(max-width: 444px) 100vw, 444px\" \/>\t\t\t\t\t\t\t\t\t\t\t\t\t\t\t<\/div>\n\t\t\t\t<\/div>\n\t\t\t\t<div class=\"elementor-element elementor-element-3ef04b8 elementor-widget elementor-widget-text-editor\" data-id=\"3ef04b8\" data-element_type=\"widget\" data-e-type=\"widget\" data-widget_type=\"text-editor.default\">\n\t\t\t\t<div class=\"elementor-widget-container\">\n\t\t\t\t\t\t\t\t\t<p>Pr\u00e9nom, Nom : ludovic Brisson<\/p>\n<p>Localisation : Sarthe<\/p>\n<p>P\u00eaches : Rivi\u00e8res, Fleuves, Lacs, Silure<\/p>\t\t\t\t\t\t\t\t<\/div>\n\t\t\t\t<\/div>\n\t\t\t\t<div class=\"elementor-element elementor-element-bc09cb4 elementor-widget elementor-widget-text-editor\" data-id=\"bc09cb4\" data-element_type=\"widget\" data-e-type=\"widget\" data-widget_type=\"text-editor.default\">\n\t\t\t\t<div class=\"elementor-widget-container\">\n\t\t\t\t\t\t\t\t\t<p>Pr\u00e9nom, Nom : Jo\u00ebl Letessier\u00a0<\/p>\n<p>Localisation : Mayenne<\/p>\n<p>P\u00eaches : Rivi\u00e8res, Fleuves, Lacs, Silure, Carnassiers<\/p>\t\t\t\t\t\t\t\t<\/div>\n\t\t\t\t<\/div>\n\t\t\t\t<div class=\"elementor-element elementor-element-175c0f4 elementor-widget elementor-widget-image\" data-id=\"175c0f4\" data-element_type=\"widget\" data-e-type=\"widget\" data-widget_type=\"image.default\">\n\t\t\t\t<div class=\"elementor-widget-container\">\n\t\t\t\t\t\t\t\t\t\t\t\t\t\t\t<img loading=\"lazy\" decoding=\"async\" width=\"444\" height=\"333\" src=\"https:\/\/www.fhbaits.fr\/wp-content\/uploads\/2024\/09\/6-1.jpg\" class=\"attachment-large size-large wp-image-547\" alt=\"\" srcset=\"https:\/\/www.fhbaits.fr\/wp-content\/uploads\/2024\/09\/6-1.jpg 444w, https:\/\/www.fhbaits.fr\/wp-content\/uploads\/2024\/09\/6-1-300x225.jpg 300w, https:\/\/www.fhbaits.fr\/wp-content\/uploads\/2024\/09\/6-1-280x210.jpg 280w\" sizes=\"(max-width: 444px) 100vw, 444px\" \/>\t\t\t\t\t\t\t\t\t\t\t\t\t\t\t<\/div>\n\t\t\t\t<\/div>\n\t\t\t\t<div class=\"elementor-element elementor-element-3c14ac1 elementor-widget elementor-widget-image\" data-id=\"3c14ac1\" data-element_type=\"widget\" data-e-type=\"widget\" data-widget_type=\"image.default\">\n\t\t\t\t<div class=\"elementor-widget-container\">\n\t\t\t\t\t\t\t\t\t\t\t\t\t\t\t<img loading=\"lazy\" decoding=\"async\" width=\"444\" height=\"333\" src=\"https:\/\/www.fhbaits.fr\/wp-content\/uploads\/2024\/09\/7-1.jpg\" class=\"attachment-large size-large wp-image-548\" alt=\"\" srcset=\"https:\/\/www.fhbaits.fr\/wp-content\/uploads\/2024\/09\/7-1.jpg 444w, https:\/\/www.fhbaits.fr\/wp-content\/uploads\/2024\/09\/7-1-300x225.jpg 300w, https:\/\/www.fhbaits.fr\/wp-content\/uploads\/2024\/09\/7-1-280x210.jpg 280w\" sizes=\"(max-width: 444px) 100vw, 444px\" \/>\t\t\t\t\t\t\t\t\t\t\t\t\t\t\t<\/div>\n\t\t\t\t<\/div>\n\t\t\t\t<div class=\"elementor-element elementor-element-226c3f1 elementor-widget elementor-widget-text-editor\" data-id=\"226c3f1\" data-element_type=\"widget\" data-e-type=\"widget\" data-widget_type=\"text-editor.default\">\n\t\t\t\t<div class=\"elementor-widget-container\">\n\t\t\t\t\t\t\t\t\t<p>Pr\u00e9nom, Nom : Renaud Lefeuvre<\/p>\n<p>Localisation : Ille et Vilaine<\/p>\n<p>P\u00eaches : Rivi\u00e8res, Fleuves, Lacs, Silure, carnasier<\/p>\t\t\t\t\t\t\t\t<\/div>\n\t\t\t\t<\/div>\n\t\t\t\t<div class=\"elementor-element elementor-element-6fb1705 elementor-widget elementor-widget-text-editor\" data-id=\"6fb1705\" data-element_type=\"widget\" data-e-type=\"widget\" data-widget_type=\"text-editor.default\">\n\t\t\t\t<div class=\"elementor-widget-container\">\n\t\t\t\t\t\t\t\t\t<p>Pr\u00e9nom, Nom : Laurent Rochefort<\/p>\n<p>Localisation : Vend\u00e9e<\/p>\n<p>P\u00eaches : Rivi\u00e8res, Fleuves, Lacs, Silure, Carnassiers<\/p>\t\t\t\t\t\t\t\t<\/div>\n\t\t\t\t<\/div>\n\t\t\t\t<div class=\"elementor-element elementor-element-770c429 elementor-widget elementor-widget-image\" data-id=\"770c429\" data-element_type=\"widget\" data-e-type=\"widget\" data-widget_type=\"image.default\">\n\t\t\t\t<div class=\"elementor-widget-container\">\n\t\t\t\t\t\t\t\t\t\t\t\t\t\t\t<img loading=\"lazy\" decoding=\"async\" width=\"444\" height=\"333\" src=\"https:\/\/www.fhbaits.fr\/wp-content\/uploads\/2024\/09\/8-1.jpg\" class=\"attachment-large size-large wp-image-549\" alt=\"\" srcset=\"https:\/\/www.fhbaits.fr\/wp-content\/uploads\/2024\/09\/8-1.jpg 444w, https:\/\/www.fhbaits.fr\/wp-content\/uploads\/2024\/09\/8-1-300x225.jpg 300w, https:\/\/www.fhbaits.fr\/wp-content\/uploads\/2024\/09\/8-1-280x210.jpg 280w\" sizes=\"(max-width: 444px) 100vw, 444px\" \/>\t\t\t\t\t\t\t\t\t\t\t\t\t\t\t<\/div>\n\t\t\t\t<\/div>\n\t\t\t\t<div class=\"elementor-element elementor-element-216effe elementor-widget elementor-widget-image\" data-id=\"216effe\" data-element_type=\"widget\" data-e-type=\"widget\" data-widget_type=\"image.default\">\n\t\t\t\t<div class=\"elementor-widget-container\">\n\t\t\t\t\t\t\t\t\t\t\t\t\t\t\t<img loading=\"lazy\" decoding=\"async\" width=\"444\" height=\"333\" src=\"https:\/\/www.fhbaits.fr\/wp-content\/uploads\/2024\/09\/9-1.jpg\" class=\"attachment-large size-large wp-image-550\" alt=\"\" srcset=\"https:\/\/www.fhbaits.fr\/wp-content\/uploads\/2024\/09\/9-1.jpg 444w, https:\/\/www.fhbaits.fr\/wp-content\/uploads\/2024\/09\/9-1-300x225.jpg 300w, https:\/\/www.fhbaits.fr\/wp-content\/uploads\/2024\/09\/9-1-280x210.jpg 280w\" sizes=\"(max-width: 444px) 100vw, 444px\" \/>\t\t\t\t\t\t\t\t\t\t\t\t\t\t\t<\/div>\n\t\t\t\t<\/div>\n\t\t\t\t<div class=\"elementor-element elementor-element-715f1bc elementor-widget elementor-widget-text-editor\" data-id=\"715f1bc\" data-element_type=\"widget\" data-e-type=\"widget\" data-widget_type=\"text-editor.default\">\n\t\t\t\t<div class=\"elementor-widget-container\">\n\t\t\t\t\t\t\t\t\t<p>Pr\u00e9nom, Nom : Julien<\/p>\n<p>Localisation : Sarthe<\/p>\n<p>P\u00eaches : Rivi\u00e8res, Fleuves, Lacs, Silure<\/p>\t\t\t\t\t\t\t\t<\/div>\n\t\t\t\t<\/div>\n\t\t\t\t<div class=\"elementor-element elementor-element-5b48736 elementor-widget elementor-widget-text-editor\" data-id=\"5b48736\" data-element_type=\"widget\" data-e-type=\"widget\" data-widget_type=\"text-editor.default\">\n\t\t\t\t<div class=\"elementor-widget-container\">\n\t\t\t\t\t\t\t\t\t<p>Pr\u00e9nom, Nom : Denis Masson<\/p>\n<p>Localisation : Ille et Vilaine<\/p>\n<p>P\u00eaches : Rivi\u00e8res, Fleuves, Silure, Carnassiers<\/p>\t\t\t\t\t\t\t\t<\/div>\n\t\t\t\t<\/div>\n\t\t\t\t<div class=\"elementor-element elementor-element-348686d elementor-widget elementor-widget-image\" data-id=\"348686d\" data-element_type=\"widget\" data-e-type=\"widget\" data-widget_type=\"image.default\">\n\t\t\t\t<div class=\"elementor-widget-container\">\n\t\t\t\t\t\t\t\t\t\t\t\t\t\t\t<img loading=\"lazy\" decoding=\"async\" width=\"444\" height=\"333\" src=\"https:\/\/www.fhbaits.fr\/wp-content\/uploads\/2024\/09\/10-1.jpg\" class=\"attachment-large size-large wp-image-551\" alt=\"\" srcset=\"https:\/\/www.fhbaits.fr\/wp-content\/uploads\/2024\/09\/10-1.jpg 444w, https:\/\/www.fhbaits.fr\/wp-content\/uploads\/2024\/09\/10-1-300x225.jpg 300w, https:\/\/www.fhbaits.fr\/wp-content\/uploads\/2024\/09\/10-1-280x210.jpg 280w\" sizes=\"(max-width: 444px) 100vw, 444px\" \/>\t\t\t\t\t\t\t\t\t\t\t\t\t\t\t<\/div>\n\t\t\t\t<\/div>\n\t\t\t\t<div class=\"elementor-element elementor-element-3c0a72f elementor-widget elementor-widget-image\" data-id=\"3c0a72f\" data-element_type=\"widget\" data-e-type=\"widget\" data-widget_type=\"image.default\">\n\t\t\t\t<div class=\"elementor-widget-container\">\n\t\t\t\t\t\t\t\t\t\t\t\t\t\t\t<img loading=\"lazy\" decoding=\"async\" width=\"444\" height=\"333\" src=\"https:\/\/www.fhbaits.fr\/wp-content\/uploads\/2024\/09\/11-1.jpg\" class=\"attachment-large size-large wp-image-552\" alt=\"\" srcset=\"https:\/\/www.fhbaits.fr\/wp-content\/uploads\/2024\/09\/11-1.jpg 444w, https:\/\/www.fhbaits.fr\/wp-content\/uploads\/2024\/09\/11-1-300x225.jpg 300w, https:\/\/www.fhbaits.fr\/wp-content\/uploads\/2024\/09\/11-1-280x210.jpg 280w\" sizes=\"(max-width: 444px) 100vw, 444px\" \/>\t\t\t\t\t\t\t\t\t\t\t\t\t\t\t<\/div>\n\t\t\t\t<\/div>\n\t\t\t\t<div class=\"elementor-element elementor-element-e321b81 elementor-widget elementor-widget-text-editor\" data-id=\"e321b81\" data-element_type=\"widget\" data-e-type=\"widget\" data-widget_type=\"text-editor.default\">\n\t\t\t\t<div class=\"elementor-widget-container\">\n\t\t\t\t\t\t\t\t\t<p>Pr\u00e9nom, Nom : Thomas Adonis<\/p>\n<p>Localisation : Bretagne<\/p>\n<p>P\u00eaches : Rivi\u00e8res, Fleuves, Lacs, Silure<\/p>\t\t\t\t\t\t\t\t<\/div>\n\t\t\t\t<\/div>\n\t\t\t\t<div class=\"elementor-element elementor-element-dfae6a5 elementor-widget elementor-widget-text-editor\" data-id=\"dfae6a5\" data-element_type=\"widget\" data-e-type=\"widget\" data-widget_type=\"text-editor.default\">\n\t\t\t\t<div class=\"elementor-widget-container\">\n\t\t\t\t\t\t\t\t\t<p>Pr\u00e9nom, Nom : Aurelien Blanchet<\/p>\n<p>Localisation : Mayenne<\/p>\n<p>P\u00eaches : Rivi\u00e8res, Fleuves, Silure, Carnassiers<\/p>\t\t\t\t\t\t\t\t<\/div>\n\t\t\t\t<\/div>\n\t\t\t\t<div class=\"elementor-element elementor-element-1bf8e17 elementor-widget elementor-widget-image\" data-id=\"1bf8e17\" data-element_type=\"widget\" data-e-type=\"widget\" data-widget_type=\"image.default\">\n\t\t\t\t<div class=\"elementor-widget-container\">\n\t\t\t\t\t\t\t\t\t\t\t\t\t\t\t<img loading=\"lazy\" decoding=\"async\" width=\"444\" height=\"333\" src=\"https:\/\/www.fhbaits.fr\/wp-content\/uploads\/2024\/09\/12-1.jpg\" class=\"attachment-large size-large wp-image-553\" alt=\"\" srcset=\"https:\/\/www.fhbaits.fr\/wp-content\/uploads\/2024\/09\/12-1.jpg 444w, https:\/\/www.fhbaits.fr\/wp-content\/uploads\/2024\/09\/12-1-300x225.jpg 300w, https:\/\/www.fhbaits.fr\/wp-content\/uploads\/2024\/09\/12-1-280x210.jpg 280w\" sizes=\"(max-width: 444px) 100vw, 444px\" \/>\t\t\t\t\t\t\t\t\t\t\t\t\t\t\t<\/div>\n\t\t\t\t<\/div>\n\t\t\t\t\t<\/div>\n\t\t\t\t<\/div>\n\t\t<div class=\"elementor-element elementor-element-2caedfd e-grid e-con-boxed e-con e-parent\" data-id=\"2caedfd\" data-element_type=\"container\" data-e-type=\"container\">\n\t\t\t\t\t<div class=\"e-con-inner\">\n\t\t\t\t<div class=\"elementor-element elementor-element-6053aaa elementor-widget elementor-widget-spacer\" data-id=\"6053aaa\" data-element_type=\"widget\" data-e-type=\"widget\" data-widget_type=\"spacer.default\">\n\t\t\t\t<div class=\"elementor-widget-container\">\n\t\t\t\t\t\t\t<div class=\"elementor-spacer\">\n\t\t\t<div class=\"elementor-spacer-inner\"><\/div>\n\t\t<\/div>\n\t\t\t\t\t\t<\/div>\n\t\t\t\t<\/div>\n\t\t\t\t<div class=\"elementor-element elementor-element-0ee445d elementor-widget elementor-widget-text-editor\" data-id=\"0ee445d\" data-element_type=\"widget\" data-e-type=\"widget\" data-widget_type=\"text-editor.default\">\n\t\t\t\t<div class=\"elementor-widget-container\">\n\t\t\t\t\t\t\t\t\t<p>Tags: \u00a0 Appats Carpe \u00a0 Bouillette \u00a0 Bouillette Fraiche \u00a0 Bouillettes \u00a0 Fh Baits\u00a0 \u00a0Fh Team<\/p>\t\t\t\t\t\t\t\t<\/div>\n\t\t\t\t<\/div>\n\t\t\t\t\t<\/div>\n\t\t\t\t<\/div>\n\t\t\t\t<\/div>\n\t\t","protected":false},"excerpt":{"rendered":"<p>Pr\u00e9nom, Nom : Franck Martel Localisation : Mayenne P\u00eaches : Rivi\u00e8res, Fleuves, Lacs, Silure, Carnassiers Pr\u00e9nom, Nom : Maxime martel Localisation : Mayenne P\u00eaches : &hellip;<\/p>\n","protected":false},"author":1,"featured_media":0,"parent":0,"menu_order":0,"comment_status":"closed","ping_status":"closed","template":"","meta":{"footnotes":""},"class_list":["post-33","page","type-page","status-publish","hentry"],"yoast_head":"<!-- This site is optimized with the Yoast SEO plugin v27.5 - https:\/\/yoast.com\/product\/yoast-seo-wordpress\/ -->\n<title>Team - FH Baits<\/title>\n<meta name=\"robots\" content=\"index, follow, max-snippet:-1, max-image-preview:large, max-video-preview:-1\" \/>\n<link rel=\"canonical\" href=\"https:\/\/www.fhbaits.fr\/index.php\/team\/\" \/>\n<meta property=\"og:locale\" content=\"fr_FR\" \/>\n<meta property=\"og:type\" content=\"article\" \/>\n<meta property=\"og:title\" content=\"Team - FH Baits\" \/>\n<meta property=\"og:description\" content=\"Pr\u00e9nom, Nom : Franck Martel Localisation : Mayenne P\u00eaches : Rivi\u00e8res, Fleuves, Lacs, Silure, Carnassiers Pr\u00e9nom, Nom : Maxime martel Localisation : Mayenne P\u00eaches : &hellip;\" \/>\n<meta property=\"og:url\" content=\"https:\/\/www.fhbaits.fr\/index.php\/team\/\" \/>\n<meta property=\"og:site_name\" content=\"FH Baits\" \/>\n<meta property=\"article:publisher\" content=\"https:\/\/www.facebook.com\/p\/Fhbaits-100069343946951\/?locale=fr_FR\" \/>\n<meta property=\"article:modified_time\" content=\"2024-09-08T22:55:46+00:00\" \/>\n<meta property=\"og:image\" content=\"http:\/\/www2.fhbaits.com\/wp-content\/uploads\/2024\/09\/1-1.jpg\" \/>\n<meta name=\"twitter:card\" content=\"summary_large_image\" \/>\n<meta name=\"twitter:label1\" content=\"Dur\u00e9e de lecture estim\u00e9e\" \/>\n\t<meta name=\"twitter:data1\" content=\"4 minutes\" \/>\n<script type=\"application\/ld+json\" class=\"yoast-schema-graph\">{\"@context\":\"https:\\\/\\\/schema.org\",\"@graph\":[{\"@type\":\"WebPage\",\"@id\":\"https:\\\/\\\/www.fhbaits.fr\\\/index.php\\\/team\\\/\",\"url\":\"https:\\\/\\\/www.fhbaits.fr\\\/index.php\\\/team\\\/\",\"name\":\"Team - FH Baits\",\"isPartOf\":{\"@id\":\"http:\\\/\\\/www.fhbaits.fr\\\/#website\"},\"primaryImageOfPage\":{\"@id\":\"https:\\\/\\\/www.fhbaits.fr\\\/index.php\\\/team\\\/#primaryimage\"},\"image\":{\"@id\":\"https:\\\/\\\/www.fhbaits.fr\\\/index.php\\\/team\\\/#primaryimage\"},\"thumbnailUrl\":\"http:\\\/\\\/www2.fhbaits.com\\\/wp-content\\\/uploads\\\/2024\\\/09\\\/1-1.jpg\",\"datePublished\":\"2024-09-04T20:07:04+00:00\",\"dateModified\":\"2024-09-08T22:55:46+00:00\",\"breadcrumb\":{\"@id\":\"https:\\\/\\\/www.fhbaits.fr\\\/index.php\\\/team\\\/#breadcrumb\"},\"inLanguage\":\"fr-FR\",\"potentialAction\":[{\"@type\":\"ReadAction\",\"target\":[\"https:\\\/\\\/www.fhbaits.fr\\\/index.php\\\/team\\\/\"]}]},{\"@type\":\"ImageObject\",\"inLanguage\":\"fr-FR\",\"@id\":\"https:\\\/\\\/www.fhbaits.fr\\\/index.php\\\/team\\\/#primaryimage\",\"url\":\"http:\\\/\\\/www2.fhbaits.com\\\/wp-content\\\/uploads\\\/2024\\\/09\\\/1-1.jpg\",\"contentUrl\":\"http:\\\/\\\/www2.fhbaits.com\\\/wp-content\\\/uploads\\\/2024\\\/09\\\/1-1.jpg\"},{\"@type\":\"BreadcrumbList\",\"@id\":\"https:\\\/\\\/www.fhbaits.fr\\\/index.php\\\/team\\\/#breadcrumb\",\"itemListElement\":[{\"@type\":\"ListItem\",\"position\":1,\"name\":\"Accueil\",\"item\":\"https:\\\/\\\/www.fhbaits.fr\\\/\"},{\"@type\":\"ListItem\",\"position\":2,\"name\":\"Team\"}]},{\"@type\":\"WebSite\",\"@id\":\"http:\\\/\\\/www.fhbaits.fr\\\/#website\",\"url\":\"http:\\\/\\\/www.fhbaits.fr\\\/\",\"name\":\"FH Baits\",\"description\":\"Ventes de bouillettes fra\u00eeches par correspondance\",\"publisher\":{\"@id\":\"http:\\\/\\\/www.fhbaits.fr\\\/#organization\"},\"potentialAction\":[{\"@type\":\"SearchAction\",\"target\":{\"@type\":\"EntryPoint\",\"urlTemplate\":\"http:\\\/\\\/www.fhbaits.fr\\\/?s={search_term_string}\"},\"query-input\":{\"@type\":\"PropertyValueSpecification\",\"valueRequired\":true,\"valueName\":\"search_term_string\"}}],\"inLanguage\":\"fr-FR\"},{\"@type\":\"Organization\",\"@id\":\"http:\\\/\\\/www.fhbaits.fr\\\/#organization\",\"name\":\"FH Baits\",\"url\":\"http:\\\/\\\/www.fhbaits.fr\\\/\",\"logo\":{\"@type\":\"ImageObject\",\"inLanguage\":\"fr-FR\",\"@id\":\"http:\\\/\\\/www.fhbaits.fr\\\/#\\\/schema\\\/logo\\\/image\\\/\",\"url\":\"http:\\\/\\\/www.fhbaits.fr\\\/wp-content\\\/uploads\\\/2024\\\/09\\\/cropped-FHBaits.png\",\"contentUrl\":\"http:\\\/\\\/www.fhbaits.fr\\\/wp-content\\\/uploads\\\/2024\\\/09\\\/cropped-FHBaits.png\",\"width\":90,\"height\":90,\"caption\":\"FH Baits\"},\"image\":{\"@id\":\"http:\\\/\\\/www.fhbaits.fr\\\/#\\\/schema\\\/logo\\\/image\\\/\"},\"sameAs\":[\"https:\\\/\\\/www.facebook.com\\\/p\\\/Fhbaits-100069343946951\\\/?locale=fr_FR\"]}]}<\/script>\n<!-- \/ Yoast SEO plugin. -->","yoast_head_json":{"title":"Team - FH Baits","robots":{"index":"index","follow":"follow","max-snippet":"max-snippet:-1","max-image-preview":"max-image-preview:large","max-video-preview":"max-video-preview:-1"},"canonical":"https:\/\/www.fhbaits.fr\/index.php\/team\/","og_locale":"fr_FR","og_type":"article","og_title":"Team - FH Baits","og_description":"Pr\u00e9nom, Nom : Franck Martel Localisation : Mayenne P\u00eaches : Rivi\u00e8res, Fleuves, Lacs, Silure, Carnassiers Pr\u00e9nom, Nom : Maxime martel Localisation : Mayenne P\u00eaches : &hellip;","og_url":"https:\/\/www.fhbaits.fr\/index.php\/team\/","og_site_name":"FH Baits","article_publisher":"https:\/\/www.facebook.com\/p\/Fhbaits-100069343946951\/?locale=fr_FR","article_modified_time":"2024-09-08T22:55:46+00:00","og_image":[{"url":"http:\/\/www2.fhbaits.com\/wp-content\/uploads\/2024\/09\/1-1.jpg","type":"","width":"","height":""}],"twitter_card":"summary_large_image","twitter_misc":{"Dur\u00e9e de lecture estim\u00e9e":"4 minutes"},"schema":{"@context":"https:\/\/schema.org","@graph":[{"@type":"WebPage","@id":"https:\/\/www.fhbaits.fr\/index.php\/team\/","url":"https:\/\/www.fhbaits.fr\/index.php\/team\/","name":"Team - FH Baits","isPartOf":{"@id":"http:\/\/www.fhbaits.fr\/#website"},"primaryImageOfPage":{"@id":"https:\/\/www.fhbaits.fr\/index.php\/team\/#primaryimage"},"image":{"@id":"https:\/\/www.fhbaits.fr\/index.php\/team\/#primaryimage"},"thumbnailUrl":"http:\/\/www2.fhbaits.com\/wp-content\/uploads\/2024\/09\/1-1.jpg","datePublished":"2024-09-04T20:07:04+00:00","dateModified":"2024-09-08T22:55:46+00:00","breadcrumb":{"@id":"https:\/\/www.fhbaits.fr\/index.php\/team\/#breadcrumb"},"inLanguage":"fr-FR","potentialAction":[{"@type":"ReadAction","target":["https:\/\/www.fhbaits.fr\/index.php\/team\/"]}]},{"@type":"ImageObject","inLanguage":"fr-FR","@id":"https:\/\/www.fhbaits.fr\/index.php\/team\/#primaryimage","url":"http:\/\/www2.fhbaits.com\/wp-content\/uploads\/2024\/09\/1-1.jpg","contentUrl":"http:\/\/www2.fhbaits.com\/wp-content\/uploads\/2024\/09\/1-1.jpg"},{"@type":"BreadcrumbList","@id":"https:\/\/www.fhbaits.fr\/index.php\/team\/#breadcrumb","itemListElement":[{"@type":"ListItem","position":1,"name":"Accueil","item":"https:\/\/www.fhbaits.fr\/"},{"@type":"ListItem","position":2,"name":"Team"}]},{"@type":"WebSite","@id":"http:\/\/www.fhbaits.fr\/#website","url":"http:\/\/www.fhbaits.fr\/","name":"FH Baits","description":"Ventes de bouillettes fra\u00eeches par correspondance","publisher":{"@id":"http:\/\/www.fhbaits.fr\/#organization"},"potentialAction":[{"@type":"SearchAction","target":{"@type":"EntryPoint","urlTemplate":"http:\/\/www.fhbaits.fr\/?s={search_term_string}"},"query-input":{"@type":"PropertyValueSpecification","valueRequired":true,"valueName":"search_term_string"}}],"inLanguage":"fr-FR"},{"@type":"Organization","@id":"http:\/\/www.fhbaits.fr\/#organization","name":"FH Baits","url":"http:\/\/www.fhbaits.fr\/","logo":{"@type":"ImageObject","inLanguage":"fr-FR","@id":"http:\/\/www.fhbaits.fr\/#\/schema\/logo\/image\/","url":"http:\/\/www.fhbaits.fr\/wp-content\/uploads\/2024\/09\/cropped-FHBaits.png","contentUrl":"http:\/\/www.fhbaits.fr\/wp-content\/uploads\/2024\/09\/cropped-FHBaits.png","width":90,"height":90,"caption":"FH Baits"},"image":{"@id":"http:\/\/www.fhbaits.fr\/#\/schema\/logo\/image\/"},"sameAs":["https:\/\/www.facebook.com\/p\/Fhbaits-100069343946951\/?locale=fr_FR"]}]}},"_links":{"self":[{"href":"http:\/\/www.fhbaits.fr\/index.php\/wp-json\/wp\/v2\/pages\/33","targetHints":{"allow":["GET"]}}],"collection":[{"href":"http:\/\/www.fhbaits.fr\/index.php\/wp-json\/wp\/v2\/pages"}],"about":[{"href":"http:\/\/www.fhbaits.fr\/index.php\/wp-json\/wp\/v2\/types\/page"}],"author":[{"embeddable":true,"href":"http:\/\/www.fhbaits.fr\/index.php\/wp-json\/wp\/v2\/users\/1"}],"replies":[{"embeddable":true,"href":"http:\/\/www.fhbaits.fr\/index.php\/wp-json\/wp\/v2\/comments?post=33"}],"version-history":[{"count":11,"href":"http:\/\/www.fhbaits.fr\/index.php\/wp-json\/wp\/v2\/pages\/33\/revisions"}],"predecessor-version":[{"id":557,"href":"http:\/\/www.fhbaits.fr\/index.php\/wp-json\/wp\/v2\/pages\/33\/revisions\/557"}],"wp:attachment":[{"href":"http:\/\/www.fhbaits.fr\/index.php\/wp-json\/wp\/v2\/media?parent=33"}],"curies":[{"name":"wp","href":"https:\/\/api.w.org\/{rel}","templated":true}]}}