{"id":234,"date":"2024-09-07T00:01:24","date_gmt":"2024-09-06T22:01:24","guid":{"rendered":"http:\/\/www2.fhbaits.com\/?page_id=234"},"modified":"2024-09-08T23:41:17","modified_gmt":"2024-09-08T21:41:17","slug":"monster","status":"publish","type":"page","link":"http:\/\/www.fhbaits.fr\/index.php\/monster\/","title":{"rendered":"Monster"},"content":{"rendered":"\t\t<div data-elementor-type=\"wp-page\" data-elementor-id=\"234\" class=\"elementor elementor-234\">\n\t\t\t\t<div class=\"elementor-element elementor-element-45d43ba e-grid e-con-boxed e-con e-parent\" data-id=\"45d43ba\" data-element_type=\"container\" data-e-type=\"container\">\n\t\t\t\t\t<div class=\"e-con-inner\">\n\t\t\t\t<div class=\"elementor-element elementor-element-cbe66ea elementor-widget elementor-widget-text-editor\" data-id=\"cbe66ea\" data-element_type=\"widget\" data-e-type=\"widget\" data-widget_type=\"text-editor.default\">\n\t\t\t\t<div class=\"elementor-widget-container\">\n\t\t\t\t\t\t\t\t\t<p>Un classique dans la p\u00eache \u00e0 la carpe, une bouillette carn\u00e9e sur une base de fish meal accompagn\u00e9e d&rsquo;un ar\u00f4me monster crabe.\u00a0<\/p><p><strong>Une r\u00e9f\u00e9rence!!!<\/strong><\/p>\t\t\t\t\t\t\t\t<\/div>\n\t\t\t\t<\/div>\n\t\t\t\t<div class=\"elementor-element elementor-element-aa03ebf elementor-widget elementor-widget-image\" data-id=\"aa03ebf\" data-element_type=\"widget\" data-e-type=\"widget\" data-widget_type=\"image.default\">\n\t\t\t\t<div class=\"elementor-widget-container\">\n\t\t\t\t\t\t\t\t\t\t\t\t\t\t\t<img fetchpriority=\"high\" decoding=\"async\" width=\"1024\" height=\"683\" src=\"https:\/\/www.fhbaits.fr\/wp-content\/uploads\/2024\/09\/monster-1024x683.jpg\" class=\"attachment-large size-large wp-image-357\" alt=\"Bouillettes-fraiches appat-carpe-Monster\" srcset=\"https:\/\/www.fhbaits.fr\/wp-content\/uploads\/2024\/09\/monster-1024x683.jpg 1024w, https:\/\/www.fhbaits.fr\/wp-content\/uploads\/2024\/09\/monster-300x200.jpg 300w, https:\/\/www.fhbaits.fr\/wp-content\/uploads\/2024\/09\/monster-768x512.jpg 768w, https:\/\/www.fhbaits.fr\/wp-content\/uploads\/2024\/09\/monster-1536x1024.jpg 1536w, https:\/\/www.fhbaits.fr\/wp-content\/uploads\/2024\/09\/monster-2048x1365.jpg 2048w, https:\/\/www.fhbaits.fr\/wp-content\/uploads\/2024\/09\/monster-315x210.jpg 315w\" sizes=\"(max-width: 1024px) 100vw, 1024px\" \/>\t\t\t\t\t\t\t\t\t\t\t\t\t\t\t<\/div>\n\t\t\t\t<\/div>\n\t\t\t\t<div class=\"elementor-element elementor-element-3ff0d51 elementor-widget elementor-widget-image\" data-id=\"3ff0d51\" data-element_type=\"widget\" data-e-type=\"widget\" data-widget_type=\"image.default\">\n\t\t\t\t<div class=\"elementor-widget-container\">\n\t\t\t\t\t\t\t\t\t\t\t\t\t\t\t<img fetchpriority=\"high\" decoding=\"async\" width=\"1024\" height=\"683\" src=\"https:\/\/www.fhbaits.fr\/wp-content\/uploads\/2024\/09\/monster-1024x683.jpg\" class=\"attachment-large size-large wp-image-357\" alt=\"Bouillettes-fraiches appat-carpe-Monster\" srcset=\"https:\/\/www.fhbaits.fr\/wp-content\/uploads\/2024\/09\/monster-1024x683.jpg 1024w, https:\/\/www.fhbaits.fr\/wp-content\/uploads\/2024\/09\/monster-300x200.jpg 300w, https:\/\/www.fhbaits.fr\/wp-content\/uploads\/2024\/09\/monster-768x512.jpg 768w, https:\/\/www.fhbaits.fr\/wp-content\/uploads\/2024\/09\/monster-1536x1024.jpg 1536w, https:\/\/www.fhbaits.fr\/wp-content\/uploads\/2024\/09\/monster-2048x1365.jpg 2048w, https:\/\/www.fhbaits.fr\/wp-content\/uploads\/2024\/09\/monster-315x210.jpg 315w\" sizes=\"(max-width: 1024px) 100vw, 1024px\" \/>\t\t\t\t\t\t\t\t\t\t\t\t\t\t\t<\/div>\n\t\t\t\t<\/div>\n\t\t\t\t<div class=\"elementor-element elementor-element-df2e2bd elementor-widget elementor-widget-text-editor\" data-id=\"df2e2bd\" data-element_type=\"widget\" data-e-type=\"widget\" data-widget_type=\"text-editor.default\">\n\t\t\t\t<div class=\"elementor-widget-container\">\n\t\t\t\t\t\t\t\t\t<p>disponible en 24, 20, 14 <strong>mm :<\/strong><\/p><p><strong>Utilisation: <\/strong>Rivi\u00e8re \/ Lac \/ Etang<\/p><p><strong>Prix \u00e0 partir de : \u2026\u00a0<\/strong>\u20ac voir\u00a0<a href=\"http:\/\/www2.fhbaits.com\/index.php\/tarifs-2\/\">tarif<\/a>.<\/p>\t\t\t\t\t\t\t\t<\/div>\n\t\t\t\t<\/div>\n\t\t\t\t\t<\/div>\n\t\t\t\t<\/div>\n\t\t<div class=\"elementor-element elementor-element-1f9f2ea e-grid e-con-boxed e-con e-parent\" data-id=\"1f9f2ea\" data-element_type=\"container\" data-e-type=\"container\">\n\t\t\t\t\t<div class=\"e-con-inner\">\n\t\t\t\t<div class=\"elementor-element elementor-element-216ff66 elementor-widget elementor-widget-spacer\" data-id=\"216ff66\" data-element_type=\"widget\" data-e-type=\"widget\" data-widget_type=\"spacer.default\">\n\t\t\t\t<div class=\"elementor-widget-container\">\n\t\t\t\t\t\t\t<div class=\"elementor-spacer\">\n\t\t\t<div class=\"elementor-spacer-inner\"><\/div>\n\t\t<\/div>\n\t\t\t\t\t\t<\/div>\n\t\t\t\t<\/div>\n\t\t\t\t<div class=\"elementor-element elementor-element-bb2b9d4 elementor-widget elementor-widget-text-editor\" data-id=\"bb2b9d4\" data-element_type=\"widget\" data-e-type=\"widget\" data-widget_type=\"text-editor.default\">\n\t\t\t\t<div class=\"elementor-widget-container\">\n\t\t\t\t\t\t\t\t\t<p>Tags: \u00a0\u00a0Appats Carpe \u00a0 Bouillette \u00a0 Bouillette Fraiche \u00a0 Bouillettes\u00a0 \u00a0Monster<\/p>\t\t\t\t\t\t\t\t<\/div>\n\t\t\t\t<\/div>\n\t\t\t\t\t<\/div>\n\t\t\t\t<\/div>\n\t\t\t\t<\/div>\n\t\t","protected":false},"excerpt":{"rendered":"<p>Un classique dans la p\u00eache \u00e0 la carpe, une bouillette carn\u00e9e sur une base de fish meal accompagn\u00e9e d&rsquo;un ar\u00f4me monster crabe.\u00a0 Une r\u00e9f\u00e9rence!!! disponible &hellip;<\/p>\n","protected":false},"author":1,"featured_media":0,"parent":0,"menu_order":0,"comment_status":"closed","ping_status":"closed","template":"","meta":{"footnotes":""},"class_list":["post-234","page","type-page","status-publish","hentry"],"yoast_head":"<!-- This site is optimized with the Yoast SEO plugin v27.5 - https:\/\/yoast.com\/product\/yoast-seo-wordpress\/ -->\n<title>Monster - FH Baits<\/title>\n<meta name=\"robots\" content=\"index, follow, max-snippet:-1, max-image-preview:large, max-video-preview:-1\" \/>\n<link rel=\"canonical\" href=\"https:\/\/www.fhbaits.fr\/index.php\/monster\/\" \/>\n<meta property=\"og:locale\" content=\"fr_FR\" \/>\n<meta property=\"og:type\" content=\"article\" \/>\n<meta property=\"og:title\" content=\"Monster - FH Baits\" \/>\n<meta property=\"og:description\" content=\"Un classique dans la p\u00eache \u00e0 la carpe, une bouillette carn\u00e9e sur une base de fish meal accompagn\u00e9e d&rsquo;un ar\u00f4me monster crabe.\u00a0 Une r\u00e9f\u00e9rence!!! disponible &hellip;\" \/>\n<meta property=\"og:url\" content=\"https:\/\/www.fhbaits.fr\/index.php\/monster\/\" \/>\n<meta property=\"og:site_name\" content=\"FH Baits\" \/>\n<meta property=\"article:publisher\" content=\"https:\/\/www.facebook.com\/p\/Fhbaits-100069343946951\/?locale=fr_FR\" \/>\n<meta property=\"article:modified_time\" content=\"2024-09-08T21:41:17+00:00\" \/>\n<meta property=\"og:image\" content=\"http:\/\/www2.fhbaits.com\/wp-content\/uploads\/2024\/09\/monster-1024x683.jpg\" \/>\n<meta name=\"twitter:card\" content=\"summary_large_image\" \/>\n<meta name=\"twitter:label1\" content=\"Dur\u00e9e de lecture estim\u00e9e\" \/>\n\t<meta name=\"twitter:data1\" content=\"1 minute\" \/>\n<script type=\"application\/ld+json\" class=\"yoast-schema-graph\">{\"@context\":\"https:\\\/\\\/schema.org\",\"@graph\":[{\"@type\":\"WebPage\",\"@id\":\"https:\\\/\\\/www.fhbaits.fr\\\/index.php\\\/monster\\\/\",\"url\":\"https:\\\/\\\/www.fhbaits.fr\\\/index.php\\\/monster\\\/\",\"name\":\"Monster - FH Baits\",\"isPartOf\":{\"@id\":\"http:\\\/\\\/www.fhbaits.fr\\\/#website\"},\"primaryImageOfPage\":{\"@id\":\"https:\\\/\\\/www.fhbaits.fr\\\/index.php\\\/monster\\\/#primaryimage\"},\"image\":{\"@id\":\"https:\\\/\\\/www.fhbaits.fr\\\/index.php\\\/monster\\\/#primaryimage\"},\"thumbnailUrl\":\"http:\\\/\\\/www2.fhbaits.com\\\/wp-content\\\/uploads\\\/2024\\\/09\\\/monster-1024x683.jpg\",\"datePublished\":\"2024-09-06T22:01:24+00:00\",\"dateModified\":\"2024-09-08T21:41:17+00:00\",\"breadcrumb\":{\"@id\":\"https:\\\/\\\/www.fhbaits.fr\\\/index.php\\\/monster\\\/#breadcrumb\"},\"inLanguage\":\"fr-FR\",\"potentialAction\":[{\"@type\":\"ReadAction\",\"target\":[\"https:\\\/\\\/www.fhbaits.fr\\\/index.php\\\/monster\\\/\"]}]},{\"@type\":\"ImageObject\",\"inLanguage\":\"fr-FR\",\"@id\":\"https:\\\/\\\/www.fhbaits.fr\\\/index.php\\\/monster\\\/#primaryimage\",\"url\":\"http:\\\/\\\/www2.fhbaits.com\\\/wp-content\\\/uploads\\\/2024\\\/09\\\/monster-1024x683.jpg\",\"contentUrl\":\"http:\\\/\\\/www2.fhbaits.com\\\/wp-content\\\/uploads\\\/2024\\\/09\\\/monster-1024x683.jpg\"},{\"@type\":\"BreadcrumbList\",\"@id\":\"https:\\\/\\\/www.fhbaits.fr\\\/index.php\\\/monster\\\/#breadcrumb\",\"itemListElement\":[{\"@type\":\"ListItem\",\"position\":1,\"name\":\"Accueil\",\"item\":\"https:\\\/\\\/www.fhbaits.fr\\\/\"},{\"@type\":\"ListItem\",\"position\":2,\"name\":\"Monster\"}]},{\"@type\":\"WebSite\",\"@id\":\"http:\\\/\\\/www.fhbaits.fr\\\/#website\",\"url\":\"http:\\\/\\\/www.fhbaits.fr\\\/\",\"name\":\"FH Baits\",\"description\":\"Ventes de bouillettes fra\u00eeches par correspondance\",\"publisher\":{\"@id\":\"http:\\\/\\\/www.fhbaits.fr\\\/#organization\"},\"potentialAction\":[{\"@type\":\"SearchAction\",\"target\":{\"@type\":\"EntryPoint\",\"urlTemplate\":\"http:\\\/\\\/www.fhbaits.fr\\\/?s={search_term_string}\"},\"query-input\":{\"@type\":\"PropertyValueSpecification\",\"valueRequired\":true,\"valueName\":\"search_term_string\"}}],\"inLanguage\":\"fr-FR\"},{\"@type\":\"Organization\",\"@id\":\"http:\\\/\\\/www.fhbaits.fr\\\/#organization\",\"name\":\"FH Baits\",\"url\":\"http:\\\/\\\/www.fhbaits.fr\\\/\",\"logo\":{\"@type\":\"ImageObject\",\"inLanguage\":\"fr-FR\",\"@id\":\"http:\\\/\\\/www.fhbaits.fr\\\/#\\\/schema\\\/logo\\\/image\\\/\",\"url\":\"http:\\\/\\\/www.fhbaits.fr\\\/wp-content\\\/uploads\\\/2024\\\/09\\\/cropped-FHBaits.png\",\"contentUrl\":\"http:\\\/\\\/www.fhbaits.fr\\\/wp-content\\\/uploads\\\/2024\\\/09\\\/cropped-FHBaits.png\",\"width\":90,\"height\":90,\"caption\":\"FH Baits\"},\"image\":{\"@id\":\"http:\\\/\\\/www.fhbaits.fr\\\/#\\\/schema\\\/logo\\\/image\\\/\"},\"sameAs\":[\"https:\\\/\\\/www.facebook.com\\\/p\\\/Fhbaits-100069343946951\\\/?locale=fr_FR\"]}]}<\/script>\n<!-- \/ Yoast SEO plugin. -->","yoast_head_json":{"title":"Monster - FH Baits","robots":{"index":"index","follow":"follow","max-snippet":"max-snippet:-1","max-image-preview":"max-image-preview:large","max-video-preview":"max-video-preview:-1"},"canonical":"https:\/\/www.fhbaits.fr\/index.php\/monster\/","og_locale":"fr_FR","og_type":"article","og_title":"Monster - FH Baits","og_description":"Un classique dans la p\u00eache \u00e0 la carpe, une bouillette carn\u00e9e sur une base de fish meal accompagn\u00e9e d&rsquo;un ar\u00f4me monster crabe.\u00a0 Une r\u00e9f\u00e9rence!!! disponible &hellip;","og_url":"https:\/\/www.fhbaits.fr\/index.php\/monster\/","og_site_name":"FH Baits","article_publisher":"https:\/\/www.facebook.com\/p\/Fhbaits-100069343946951\/?locale=fr_FR","article_modified_time":"2024-09-08T21:41:17+00:00","og_image":[{"url":"http:\/\/www2.fhbaits.com\/wp-content\/uploads\/2024\/09\/monster-1024x683.jpg","type":"","width":"","height":""}],"twitter_card":"summary_large_image","twitter_misc":{"Dur\u00e9e de lecture estim\u00e9e":"1 minute"},"schema":{"@context":"https:\/\/schema.org","@graph":[{"@type":"WebPage","@id":"https:\/\/www.fhbaits.fr\/index.php\/monster\/","url":"https:\/\/www.fhbaits.fr\/index.php\/monster\/","name":"Monster - FH Baits","isPartOf":{"@id":"http:\/\/www.fhbaits.fr\/#website"},"primaryImageOfPage":{"@id":"https:\/\/www.fhbaits.fr\/index.php\/monster\/#primaryimage"},"image":{"@id":"https:\/\/www.fhbaits.fr\/index.php\/monster\/#primaryimage"},"thumbnailUrl":"http:\/\/www2.fhbaits.com\/wp-content\/uploads\/2024\/09\/monster-1024x683.jpg","datePublished":"2024-09-06T22:01:24+00:00","dateModified":"2024-09-08T21:41:17+00:00","breadcrumb":{"@id":"https:\/\/www.fhbaits.fr\/index.php\/monster\/#breadcrumb"},"inLanguage":"fr-FR","potentialAction":[{"@type":"ReadAction","target":["https:\/\/www.fhbaits.fr\/index.php\/monster\/"]}]},{"@type":"ImageObject","inLanguage":"fr-FR","@id":"https:\/\/www.fhbaits.fr\/index.php\/monster\/#primaryimage","url":"http:\/\/www2.fhbaits.com\/wp-content\/uploads\/2024\/09\/monster-1024x683.jpg","contentUrl":"http:\/\/www2.fhbaits.com\/wp-content\/uploads\/2024\/09\/monster-1024x683.jpg"},{"@type":"BreadcrumbList","@id":"https:\/\/www.fhbaits.fr\/index.php\/monster\/#breadcrumb","itemListElement":[{"@type":"ListItem","position":1,"name":"Accueil","item":"https:\/\/www.fhbaits.fr\/"},{"@type":"ListItem","position":2,"name":"Monster"}]},{"@type":"WebSite","@id":"http:\/\/www.fhbaits.fr\/#website","url":"http:\/\/www.fhbaits.fr\/","name":"FH Baits","description":"Ventes de bouillettes fra\u00eeches par correspondance","publisher":{"@id":"http:\/\/www.fhbaits.fr\/#organization"},"potentialAction":[{"@type":"SearchAction","target":{"@type":"EntryPoint","urlTemplate":"http:\/\/www.fhbaits.fr\/?s={search_term_string}"},"query-input":{"@type":"PropertyValueSpecification","valueRequired":true,"valueName":"search_term_string"}}],"inLanguage":"fr-FR"},{"@type":"Organization","@id":"http:\/\/www.fhbaits.fr\/#organization","name":"FH Baits","url":"http:\/\/www.fhbaits.fr\/","logo":{"@type":"ImageObject","inLanguage":"fr-FR","@id":"http:\/\/www.fhbaits.fr\/#\/schema\/logo\/image\/","url":"http:\/\/www.fhbaits.fr\/wp-content\/uploads\/2024\/09\/cropped-FHBaits.png","contentUrl":"http:\/\/www.fhbaits.fr\/wp-content\/uploads\/2024\/09\/cropped-FHBaits.png","width":90,"height":90,"caption":"FH Baits"},"image":{"@id":"http:\/\/www.fhbaits.fr\/#\/schema\/logo\/image\/"},"sameAs":["https:\/\/www.facebook.com\/p\/Fhbaits-100069343946951\/?locale=fr_FR"]}]}},"_links":{"self":[{"href":"http:\/\/www.fhbaits.fr\/index.php\/wp-json\/wp\/v2\/pages\/234","targetHints":{"allow":["GET"]}}],"collection":[{"href":"http:\/\/www.fhbaits.fr\/index.php\/wp-json\/wp\/v2\/pages"}],"about":[{"href":"http:\/\/www.fhbaits.fr\/index.php\/wp-json\/wp\/v2\/types\/page"}],"author":[{"embeddable":true,"href":"http:\/\/www.fhbaits.fr\/index.php\/wp-json\/wp\/v2\/users\/1"}],"replies":[{"embeddable":true,"href":"http:\/\/www.fhbaits.fr\/index.php\/wp-json\/wp\/v2\/comments?post=234"}],"version-history":[{"count":10,"href":"http:\/\/www.fhbaits.fr\/index.php\/wp-json\/wp\/v2\/pages\/234\/revisions"}],"predecessor-version":[{"id":456,"href":"http:\/\/www.fhbaits.fr\/index.php\/wp-json\/wp\/v2\/pages\/234\/revisions\/456"}],"wp:attachment":[{"href":"http:\/\/www.fhbaits.fr\/index.php\/wp-json\/wp\/v2\/media?parent=234"}],"curies":[{"name":"wp","href":"https:\/\/api.w.org\/{rel}","templated":true}]}}